
Let t(o) = -10*o + 53. Let a be 0 + 1 + (-36)/12 + 4. Suppose a*r + 39 = -0*r + d, 86 = -3*r - 4*d. List the prime factors of t(r).
3, 7, 13
Let b = -79524 - -117692. List the prime factors of b.
2, 13, 367
Suppose 953 = 4*w - 4263. Let m = -758 + w. Suppose 3*b - 4*o - 307 = 5, 0 = -5*b - 2*o + m. What are the prime factors of b?
2, 3
Suppose 4*f = 35201 - 27674 + 56349. What are the prime factors of f?
3, 5323
Suppose -15210 + 42710 = 5*v + 5*b, 0 = 2*v - 4*b - 10970. List the prime factors of v.
5, 7, 157
Let o = 172 - 46. Let c be (-20)/6*o/35*12. Let m = c + 206. List the prime factors of m.
2, 31
Suppose -2*c + 73 = 73. Suppose 39*u - 10*u - 26158 = c. List the prime factors of u.
2, 11, 41
Let v(j) = 2*j**2 + 5*j - 5. Let d be v(1). Let u(h) = 3*h**d - 17 + 21*h - 16 - 16*h + 29*h. List the prime factors of u(-15).
2, 3, 11
Let v(m) = 229*m**3 + 2*m**2 - 3*m - 2. What are the prime factors of v(3)?
2, 5, 619
Let p(i) = i**2 + 21*i - 315. Let r be p(-31). Let n = -2 - -4. List the prime factors of (1/r*n)/((-4)/540).
2, 3
Suppose 65 = -5*q + 45. What are the prime factors of 5/(-5)*q + -2?
2
Suppose h - 3519 - 432 = 2*n, 3*h = -2*n + 11837. What are the prime factors of h?
3947
Let i(k) = k**2 + 13*k + 3. Let j be i(-18). Let q = j + -58. Let c = q - -14. List the prime factors of c.
7
Suppose f = t + 44, f - 6*f - 4*t = -193. Let u be -1 + 1 - (-23 + 3). Let k = f - u. List the prime factors of k.
3, 7
Suppose 3 = -3*u + 4*u. Suppose 0*r + u*p - 94 = -r, 3*r = 5*p + 212. Let m = r - 32. What are the prime factors of m?
47
Let z be (-146)/(-8) - (-6)/(-24). Let d = 20 - z. Suppose -d*f - 62 = -o - 236, 0 = 3*o. List the prime factors of f.
3, 29
Suppose 0 = -4*s - 4*k + 178272, 22*s - 44592 = 21*s + 5*k. What are the prime factors of s?
2, 11, 1013
Suppose -21*j + 499512 = -342084. What are the prime factors of j?
2, 43, 233
Let k be ((-4)/3 + 0)*(22 - 40). Suppose k*n - 19*n - 660 = 0. What are the prime factors of n?
2, 3, 11
Suppose k - 5*w = 2808, 29*w - 5643 = -2*k + 30*w. What are the prime factors of k?
3, 941
What are the prime factors of 243443/11 + 3/(-6)*52/143?
3, 2459
List the prime factors of (7/((-126)/24))/((-1)/66492*3).
2, 1847
Let i(r) = 6*r**2 + 68*r + 178. What are the prime factors of i(-31)?
2, 7, 137
Suppose 2*l + 19*h = 16*h + 14146, 5*h = -4*l + 28294. List the prime factors of l.
2, 29, 61
Let k(n) = 129*n**2 + 28*n + 451. List the prime factors of k(15).
2, 37, 101
List the prime factors of (-1)/(5/(-4))*(-20085)/(-78).
2, 103
Suppose 2*l + 6 = -4*i - 4, l + 5*i = -20. Let v be 0/((-6)/(24/20)). Suppose v = -l*q - 2*b + 80, -5*q + 70 + 5 = b. What are the prime factors of q?
2, 7
Suppose -31 + 4 = -i. Suppose 8*f - 45 = i. Suppose 0 = -4*u - 3*x + 142, -u - 2*x + 24 + f = 0. List the prime factors of u.
37
Suppose o = 3*t + 3*o - 46, 5*o = 4*t - 46. List the prime factors of 31*(t + 4 - -7).
5, 31
Let b = 429 - 228. Suppose 330 + b = 3*x. What are the prime factors of x?
3, 59
Let h = 47707 + -30013. What are the prime factors of h?
2, 3, 983
Let l(f) = -1043*f + 17. Let b(a) = -2086*a + 35. Let h(t) = 3*b(t) - 7*l(t). What are the prime factors of h(1)?
3, 7
Let m be 39/(-7) - 8/(-14). Let y be (-1)/(-5) - 24/m. Suppose -y*i - 14 + 329 = 0. List the prime factors of i.
3, 7
What are the prime factors of (206219/(-65) + 1)*-5?
2, 3, 881
Let p = 136203 - 74748. List the prime factors of p.
3, 5, 17, 241
Let j(a) = -a**3 + 30*a**2 - 27*a - 44. Let r be j(31). Let f = r + 3214. What are the prime factors of f?
2, 7
Let k(i) = -i**3 + 9*i**2 - 19*i + 13. Let l be k(6). Suppose l*m - 3183 - 1066 = 0. List the prime factors of m.
607
Suppose -219*b + 220*b = 1353. Let m = b + -743. What are the prime factors of m?
2, 5, 61
Let w(j) = -j - 8. Let a be w(-4). List the prime factors of 22/(-11)*230/a.
5, 23
Let k(y) = 18*y + 56. Let c be k(28). What are the prime factors of c - (-4 + 5 + -4)?
563
Let s = -41251 - -58568. List the prime factors of s.
17317
List the prime factors of ((-33 + 12)/(-21))/((-1)/(-23758)).
2, 7, 1697
Suppose -14*l = -3*l - 2937. Suppose l*n - 5400 = 262*n. What are the prime factors of n?
2, 3, 5
Suppose -520*t + 523*t + 5*n - 50862 = 0, -3*t + 50838 = n. List the prime factors of t.
2, 3, 353
Suppose 0 = -3*f - 5*j + 37, -f + j + 29 = f. Let p be ((-4)/(-7))/2 - 60/f. List the prime factors of (-3)/p + (4 - (-1710)/24).
2, 19
Let m(k) = -109*k**3 + 10*k**2 - 4*k - 13. List the prime factors of m(-1).
2, 5, 11
Suppose 0 = 4*s - 22 - 26. Let x(o) = s*o**2 - 5*o - 16 + 20*o - 13*o**2. List the prime factors of x(10).
2, 17
Let l(q) = 17*q**2 + 10*q. Let d be l(4). Let j = d - 78. List the prime factors of j.
2, 3, 13
Suppose 17*u = 13*u + 3032. Suppose -a - 92 - u = -5*x, 0 = -5*a. What are the prime factors of x?
2, 5, 17
Suppose 85022 = 4*s - 133028 + 26878. What are the prime factors of s?
3, 89, 179
Let m(p) = p**3 - 52*p**2 - 133*p + 272. What are the prime factors of m(61)?
2, 7, 229
Let i be 6 + (-8)/(-14) + (-54)/21. Let v(q) = 87*q + 41. List the prime factors of v(i).
389
Suppose -2*j = 4*m, 5*m = 4*j - 9*j. Suppose 120*w - 122*w + 176 = m. What are the prime factors of w?
2, 11
Let p = 9327 - -11453. List the prime factors of p.
2, 5, 1039
Suppose 0 = 3*n + 102*i - 105*i - 142563, -190119 = -4*n - i. What are the prime factors of n?
2, 13, 457
Let a be (-90)/12*(-738)/15. Let i = 993 - a. List the prime factors of i.
2, 3, 13
Let d(p) = -p**2 + 203 + 46 + 211 + 4*p. List the prime factors of d(0).
2, 5, 23
Let h(z) = 1169*z + 1235. What are the prime factors of h(3)?
2, 2371
Let i(t) = t**3 - 53*t**2 + 116*t - 545. What are the prime factors of i(59)?
5, 5437
Suppose f - 21917 = -5*c, 2*f - 36692 - 7205 = -c. What are the prime factors of f?
2, 7
Let f = -7873 - -13372. What are the prime factors of f?
3, 13, 47
Let y = 23158 + -2200. What are the prime factors of y?
2, 3, 7, 499
Let g(v) = 2 + 29 + 0*v + 1 + 219*v. List the prime factors of g(3).
13, 53
Let a = -101 - -100. Let y(l) = -659*l**3 - 3*l**2 + 10*l + 12. List the prime factors of y(a).
2, 7, 47
Suppose -9 = -2*s + s - 3*d, -5*d = -2*s + 73. Suppose 0 = v - 9*v + s. Suppose -h + v*h = 114. What are the prime factors of h?
3, 19
Let a(g) = 7*g + 2. Let z be a(5). Suppose -2*j = 2*k + z + 57, 0 = -2*k + 4*j - 100. Let x = 10 - k. What are the prime factors of x?
2, 29
Suppose -50 + 10 = -8*d. Suppose -d*v = 106 - 1616. List the prime factors of v.
2, 151
Suppose -8*o + 3*o = 0. Suppose 3*u - 228 + 36 = o. Suppose 5*k + 10 = 0, 4*k - u = -4*p + 3*p. List the prime factors of p.
2, 3
Let t(v) be the third derivative of v**6/60 + v**5/15 + 5*v**3/3 - 3*v**2 - 2. List the prime factors of t(5).
2, 3, 5
Let w(g) = 959 + 829*g + 813*g - 1613*g. List the prime factors of w(0).
7, 137
Suppose 45829 + 2870 = 7*i. Suppose -33*u + 468 + i = 0. List the prime factors of u.
3, 5
Let j = 775 + -772. Suppose j*y - 2455 = -2*u, 2*u - 5*y - 1125 = 1322. List the prime factors of u.
2, 613
Suppose 3*y = 2*a - 8, -a = 5*y + 11 - 41. Let t be (-391 - 1) + (-5)/a*2. Let v = -212 - t. List the prime factors of v.
181
Let o(h) = 4*h**2 - 30*h + 8. Let t be (-5)/((-60)/184) + (-4)/(-6). Suppose 6*g + t = 64. List the prime factors of o(g).
2, 3
Let m = 39142 - 26166. What are the prime factors of m?
2, 811
Let p(d) = -22*d + 56. Let i be p(-29). Suppose 0 = 2*c + 202 - i. What are the prime factors of c?
2, 3, 41
Suppose 110901 = 5*f - 4*u + 184, -44270 = -2*f + 4*u. What are the prime factors of f?
3, 23, 107
Let u(l) = l**3 + l**2 - 13*l - 6. Let s be u(-4). Let g be (-1)/(s/(116/(-173)) + -3). Suppose 50 = 3*r - g. List the prime factors of r.
2, 3
Let a(q) = 2047 - 2034 + 5*q + 2*q + 3*q**3 + 12*q**2 - 2*q**3 - 2*q. Suppose 0 = 5*p + 49 - 4. List the prime factors of a(p).
211
Let r be 8/(-20) - 0 - (-47)/5. Let a(x) = -17*x - 23*x - 36 + 13 + r*x. List the prime factors of a(-4).
101
Let z(a) = -7*a**2 + 38*a + 209. Let x be z(-6). Let p = 276 + x. List the prime factors of p.
5
Let m = 1128 + -191. Suppose 15*w - 683 = m. List the prime factors of (-10)/(-25) + w/5.
2, 11
Let m(z) = 1664*z**2 + 308*z - 1218. What are the prime factors of m(4)?
2, 19, 701
Let s(k) = 4594*k - 11. Let z be s(2). Suppose 0 = -25*g + 6*g + z. What are the p